y 543.
498
Calculate the remainder when 114001307 is divided by 9.
8
Calculate the remainder when 77430262 is divided by 6.
4
Calculate the remainder when 177866 is divided by 2340.
26
What is the remainder when 515922565 is divided by 18?
13
Calculate the remainder when 105284 is divided by 297.
146
What is the remainder when 691398 is divided by 1733?
1664
What is the remainder when 36803 is divided by 1356?
191
What is the remainder when 32986226 is divided by 4036?
4034
Calculate the remainder when 6501614 is divided by 9632.
14
What is the remainder when 2626035567 is divided by 1277?
1274
What is the remainder when 1630842 is divided by 71?
43
Calculate the remainder when 14507679 is divided by 55.
54
Calculate the remainder when 208494 is divided by 1536.
1134
What is the remainder when 27640597 is divided by 27?
22
What is the remainder when 451033 is divided by 3854?
115
Calculate the remainder when 23961875 is divided by 11980928.
19
Calculate the remainder when 66543765 is divided by 162.
159
Calculate the remainder when 162930 is divided by 181.
30
Calculate the remainder when 227816 is divided by 512.
488
What is the remainder when 5992936 is divided by 1580?
1576
Calculate the remainder when 267968 is divided by 2.
0
What is the remainder when 28733538 is divided by 99?
75
Calculate the remainder when 2571476 is divided by 428549.
182
What is the remainder when 202290 is divided by 1415?
1360
What is the remainder when 445784 is divided by 3056?
2664
What is the remainder when 7517497 is divided by 1073925?
22
Calculate the remainder when 40203 is divided by 39935.
268
Calculate the remainder when 1512551 is divided by 838.
799
What is the remainder when 54449 is divided by 6123?
5465
What is the remainder when 85540 is divided by 4502?
2
What is the remainder when 459672848 is divided by 455?
453
Calculate the remainder when 1184655 is divided by 148064.
143
Calculate the remainder when 212013 is divided by 8466.
363
What is the remainder when 4907942 is divided by 496?
22
What is the remainder when 30701 is divided by 30644?
57
Calculate the remainder when 6433240 is divided by 229758.
16
Calculate the remainder when 672400 is divided by 4462.
3100
What is the remainder when 29809011 is divided by 14904504?
3
What is the remainder when 31511486 is divided by 41?
34
What is the remainder when 8050734 is divided by 4025366?
2
Calculate the remainder when 350214 is divided by 87281.
1090
Calculate the remainder when 7045448 is divided by 587071.
596
Calculate the remainder when 253125 is divided by 5193.
3861
Calculate the remainder when 53312024 is divided by 17770667.
23
Calculate the remainder when 9278847 is divided by 75.
72
Calculate the remainder when 190983472 is divided by 594.
592
Calculate the remainder when 663586 is divided by 1086.
40
Calculate the remainder when 169246 is divided by 84615.
16
What is the remainder when 10195648 is divided by 33319?
34
What is the remainder when 158589 is divided by 158051?
538
Calculate the remainder when 260602 is divided by 35.
27
Calculate the remainder when 726463 is divided by 818.
79
What is the remainder when 40540454 is divided by 21181?
20
Calculate the remainder when 2275413 is divided by 225.
213
Calculate the remainder when 1377344 is divided by 266.
262
Calculate the remainder when 998465 is divided by 3130.
3125
Calculate the remainder when 1869708 is divided by 1313.
1309
Calculate the remainder when 5972449 is divided by 941.
863
Calculate the remainder when 265511923 is divided by 2025.
2023
Calculate the remainder when 2386056 is divided by 3115.
3081
What is the remainder when 3606593 is divided by 257612?
25
Calculate the remainder when 2323421 is divided by 105.
86
Calculate the remainder when 30971 is divided by 9614.
2129
Calculate the remainder when 5784416 is divided by 2083.
2008
What is the remainder when 5898938 is divided by 1276?
1266
What is the remainder when 453666 is divided by 307?
227
What is the remainder when 436206 is divided by 563?
444
Calculate the remainder when 490685 is divided by 25.
10
What is the remainder when 2545192 is divided by 47133?
10
Calculate the remainder when 9618683 is divided by 16.
11
What is the remainder when 32298 is divided by 4608?
42
What is the remainder when 100763 is divided by 4381?
0
Calculate the remainder when 178630500 is divided by 2711.
2710
Calculate the remainder when 462862 is divided by 2967.
10
Calculate the remainder when 62553 is divided by 8798.
967
What is the remainder when 10167048 is divided by 5083511?
26
Calculate the remainder when 1440604 is divided by 7.
4
Calculate the remainder when 1989273 is divided by 1426.
3
What is the remainder when 6001049 is divided by 804?
797
Calculate the remainder when 108524 is divided by 12017.
371
What is the remainder when 3090398 is divided by 772523?
306
Calculate the remainder when 8718100 is divided by 2179443.
328
Calculate the remainder when 315663 is divided by 155201.
5261
What is the remainder when 913988 is divided by 298?
22
What is the remainder when 93321 is divided by 1259?
155
What is the remainder when 36025 is divided by 3741?
2356
What is the remainder when 2471622 is divided by 3820?
82
What is the remainder when 50016 is divided by 2020?
1536
Calculate the remainder when 4514234 is divided by 77.
32
What is the remainder when 41761 is divided by 4635?
46
What is the remainder when 1128398 is divided by 451?
447
Calculate the remainder when 9205888 is divided by 2301468.
16
What is the remainder when 51917090 is divided by 4386?
8
What is the remainder when 792574 is divided by 15540?
34
What is the remainder when 41643 is divided by 848?
91
Calculate the remainder when 490494 is divided by 78.
30
What is the remainder when 19202191 is divided by 691?
683
What is the remainder when 14972731 is divided by 287937?
7
Calculate the remainder when 760030 is divided by 372.
34
What is the remainder when 745951 is divided by 651?
556
Calculate the remainder when 2333541 is divided by 70713.
12
What is the remainder when 21459 is divided by 5044?
1283
What is the remainder when 2309 is divided by 1973?
336
Calculate the remainder when 507691 is divided by 5.
1
Calculate the remainder when 1252371 is divided by 27.
3
What is the remainder when 44285803 is divided by 8857159?
8
What is the remainder when 3546437 is divided by 3546385?
52
What is the remainder when 21163621 is divided by 4285?
6
Calculate the remainder when 666214 is divided by 218433.
10915
What is the remainder when 1177938 is divided by 241?
171
Calculate the remainder when 1780981 is divided by 148415.
1
What is the remainder when 3563940 is divided by 79?
13
Calculate the remainder when 1240199 is divided by 6360.
6359
What is the remainder when 55230713 is divided by 628?
625
Calculate the remainder when 7421083 is divided by 7421073.
10
What is the remainder when 3811681 is divided by 65718?
37
What is the remainder when 6423207 is divided by 13873?
8
What is the remainder when 1314924 is divided by 147?
9
Calculate the remainder when 2590 is divided by 425.
40
What is the remainder when 15663 is divided by 812?
235
Calculate the remainder when 4180635 is divided by 35131.
46
Calculate the remainder when 53205 is divided by 17466.
807
Calculate the remainder when 16983631 is divided by 253.
247
Calculate the remainder when 4322963 is divided by 9915.
23
What is the remainder when 272233536 is divided by 311?
308
Calculate the remainder when 103342143 is divided by 3.
0
What is the remainder when 19847375 is divided by 74?
57
Calculate the remainder when 3183485 is divided by 125.
110
What is the remainder when 54485 is divided by 17?
0
Calculate the remainder when 20969 is divided by 5409.
4742
What is the remainder when 1447578 is divided by 1930?
78
What is the remainder when 1112082 is divided by 2023?
1455
What is the remainder when 2273147 is divided by 22?
19
Calculate the remainder when 344717 is divided by 344693.
24
Calculate the remainder when 196880 is divided by 87.
86
Calculate the remainder when 2069873 is divided by 89985.
218
Calculate the remainder when 4119966 is divided by 454.
370
What is the remainder when 26242221 is divided by 101714?
9
What is 